7) composite?
False
Let p(g) = -25*g - 12. Let f be p(-4). Let b = f + -4117. Is b/(-3) + -3 + 5 a composite number?
True
Let n(g) = -27091*g - 2236. Is n(-14) a composite number?
True
Let k = -118 - -129. Suppose 12887 = 18*n - k*n. Is n a composite number?
True
Let n(g) = 2*g**2 - 6*g + 2. Let k(y) = y + 2. Let z be k(6). Suppose -z*b - 7 = -9*b. Is n(b) a prime number?
False
Let g = 65 - 0. Is (g/(-10))/(-13)*2 + 20004 a prime number?
False
Suppose 0 = 2*q - 4*d, 0 = -5*q - 5*d + 3*d + 24. Suppose -q = 2*b - b. Is b + -269*(0 - 1) composite?
True
Is (-11*1*104018)/((-1071)/51 + 19) a prime number?
False
Let w(b) = 228*b + 15. Let g be w(-1). Let v = -566 + 250. Let a = g - v. Is a a composite number?
False
Let c be ((-8)/14 + (-12)/28)/1. Let k be ((-3)/12 - c)/((-3)/(-2364)). Let v = k - 202. Is v a prime number?
True
Let w(z) = 7*z + 51. Let q be w(-7). Is 11323/39 + q/3 prime?
False
Let m be 0 + -4 + (-6 - (6 - 12)). Is (-2)/m - (3166/(-4) + 5) a composite number?
False
Suppose p - 5 = 3*v, 4*v + 28 = -0*v - 4*p. Let b be 1/v + ((-196)/(-21) - 6). Suppose -b*c - 4*a + 283 = 0, 285 + 156 = 5*c - a. Is c a prime number?
True
Suppose 2*z = 5*q - 217709, -8*q = -12*q - 2*z + 174160. Is q composite?
False
Let c(x) = 648337*x + 5210. Is c(5) a prime number?
False
Let n = 2396 + -1685. Suppose -n = -3*u + 3*j, 6*u - 5*u + j = 241. Is u a prime number?
True
Suppose -3*s - 2*s - 2*j = 78, 76 = -4*s - 5*j. Let c be (-22)/s + (-56)/98. Is 181 - (-5 + c - -2) a composite number?
True
Let j(f) = 853*f**2 - 39*f + 345. Is j(17) a composite number?
True
Let p = 134954 - 2323. Is p a composite number?
False
Suppose -3*y - n + 10827 = 0, 181*y = 180*y + 4*n + 3635. Is y composite?
True
Suppose 4*x - 4*g = 570928, 4*x - 5*g - 540686 = 30241. Is x a composite number?
False
Let b(v) be the second derivative of 0 - 13/12*v**4 - 30*v + 1/20*v**5 + 19/2*v**2 - 11/3*v**3. Is b(15) prime?
True
Suppose -i + 3 = -1. Let x(a) = -6*a + 4*a - i*a + 16*a**2 - 5*a + 12. Is x(7) a prime number?
True
Let n(l) = 446377*l + 2054. Is n(3) a prime number?
False
Suppose -5*n + 35271 = 4*h, -4*n = -6*h + h + 44099. Suppose 6*g - h = -2081. Is g a prime number?
True
Suppose 5*c + 4*w - 861835 = -77922, -4*c = w - 627126. Is c composite?
False
Suppose 5*f + 5*k = 0, 65*k + 12 = 2*f + 61*k. Is (((-35826)/4)/21)/((-1)/f) composite?
False
Let o = -28818 - -82205. Is o a composite number?
True
Is (6/4)/(216/15118128) a prime number?
True
Suppose 2*z = 34*v - 30*v + 430, 3*v - z = -323. Let w = v - -929. Is w prime?
True
Suppose -15 = 4*a - a. Let h be (6/a - -1) + 1122/(-15). Is (-5)/(h/6) + (-11926)/(-10) a prime number?
True
Let b(k) = k + 1. Let o be b(-1). Suppose o = 33*z - 44*z + 103301. Is z prime?
True
Let y be 67*(30/5)/6. Let u = 370 + y. Is u a composite number?
True
Let r be ((-3)/(-2))/(31/62). Is (r - (-5612)/4) + 5 a prime number?
False
Let l = 674329 - 418526. Is l a composite number?
False
Let l = 1104948 + 62191. Is l prime?
True
Let b(r) = 2*r**3 - 6*r**2 + 5*r. Let w be b(5). Let f = w + -123. Suppose -4*m + 2 + 2 = 0, -j + f*m = -441. Is j composite?
False
Let z(p) = 1667*p**2 + 5*p + 15. Let x(f) = -5*f + 128. Let q be x(26). Is z(q) prime?
True
Suppose 5*b + 6*z = z + 45230, -5*b - 3*z + 45232 = 0. Suppose 28*f - 25 = 23*f. Suppose 0 = -f*p + b - 382. Is p prime?
True
Is (-4567)/((((-16)/20)/2)/((-14)/(-35))) a prime number?
True
Suppose 119*h - 125*h = -42. Is 16/56 - (-34795)/h composite?
True
Let p(v) = -v**3 + 18*v**2 - 15*v - 3. Let g be 17 + (3 - 8 - -1). Is p(g) prime?
True
Let v(y) = -y**3 - 13*y**2 - 18*y + 36. Let u be v(-11). Is ((-5325)/(-60))/((-5)/u) a prime number?
False
Is (-27 + 17)*((-171042)/4 + 4) a composite number?
True
Suppose 17*n = 16*n + 1440. Suppose 5*f = 4*m + 26, 3*f - m = -2*f + 14. Suppose 4*y + 1044 = f*v, -4*v = y - n - 612. Is v prime?
False
Let r(z) = -2169*z - 329. Is r(-8) composite?
True
Suppose -3*g - z - 13773 = -2418, -3 = -z. Let t = -5594 - g. Let s = -1289 - t. Is s a composite number?
True
Let c(x) be the third derivative of x**6/120 + x**5/5 - x**4/4 - 13*x**3/6 - 27*x**2. Let q be c(-8). Let h = q + -172. Is h a composite number?
True
Is -2 + (1 - -1) + (44 - -1472069)/61 a composite number?
False
Let t(l) = -l**3 + 23*l**2 - 34*l + 17. Let j be t(21). Suppose -2*h + j = 15. Is h a prime number?
False
Let f be (-18)/(-4) + 27/18. Suppose 3*g = -9 + f. Is (g - 0)/(((-2)/797)/2) a prime number?
True
Let z(k) = -8*k**3 - 3*k**2 - 9*k - 14. Let q be z(-2). Is 4/q*-4 + (-164882)/(-14) a composite number?
False
Suppose -1080187 = 8*u + 64133. Is (-4)/(-44) + u/(-44) a composite number?
False
Suppose 131714 + 330059 = 713*k - 700*k. Is k a prime number?
True
Suppose -10647002 = t - 59*t. Is t a prime number?
True
Let o = -181 - -186. Suppose o*w - 25*w = -92420. Is w a composite number?
False
Let w(s) = -s**3 + 4*s**2 + 6*s - 5. Let h be w(5). Let g be (h - 12)/(((-9)/(-8))/(-3)). Let l = g - 13. Is l composite?
False
Suppose -123*g - 2*s = -124*g + 252541, g + 2*s = 252525. Is g prime?
True
Suppose -3*h = -3*f - 12, 4*h - 9 = -2*f + 13. Suppose -3*v - 2*k = -7, 3*k - 12 + 1 = -h*v. Is (4 - v*-159)/1 a prime number?
True
Suppose 6*t - 4 = 32. Let x be (4 - 4 - 0)*(-3)/t. Suppose 2*o - 4100 = 2*b, o + 4*b - 2065 = -x*b. Is o a prime number?
True
Let r(n) = -n**3 - 12*n**2 + n + 16. Let j be r(-12). Suppose 0 = 4*b - 4*h - 4, -2*b = -j*h - 0 - 4. Is 1217/(3/3) - b/(-1) a prime number?
True
Is (-177250518)/(-324)*(-2)/(-9) a prime number?
True
Let i = -237217 - -416424. Is i a prime number?
False
Let x(u) = 2*u**2 + 48*u - 99. Let w be x(-36). Let k(d) = -14*d**2 - 8*d - 11. Let p be k(-6). Let c = w + p. Is c composite?
True
Suppose 4*c - 5*c = -607. Suppose -41*n + 63*n = -7788. Let i = n + c. Is i prime?
False
Suppose c + 22*b - 748 = 17*b, -3762 = -5*c - 3*b. Let f = 1200 - c. Is f a prime number?
False
Is -2728038*(-7)/84*2 a prime number?
True
Let q(a) = -22 + 56*a**2 - 31*a**2 - 26*a**2 + 3 - 10*a. Let w be q(-7). Suppose t = w*n + 733, 5*n + 1461 = -2*t + 4*t. Is t composite?
False
Let o(d) = 107169*d**2 + 45*d + 47. Is o(-1) a prime number?
True
Suppose -142*y - 310510 + 2874888 = 0. Is y a composite number?
False
Suppose 3*n = -n - 60. Let r = n + 17. Suppose -499 = d - r*d. Is d a composite number?
False
Suppose -b = b - 4*h - 4, -2*b = -3*h - 4. Suppose -5*f = -4*p + 8004, -b*p + 259 = f - 3743. Is (2/2)/(3/p) a prime number?
False
Let u(b) = 1162*b + 527. Is u(26) a composite number?
True
Let i be ((-20)/(-25) - 1) + (-348)/(-15). Suppose -i*g = -31*g + 88856. Is g a composite number?
True
Let f = 5 + -2. Let m(d) = 36*d**3 - 3*d**2 + 6*d + 26. Let a be m(5). Suppose 5*z + 3*u = -0*u + a, 0 = f*z + u - 2687. Is z a prime number?
False
Is (-104)/(-2)*(-3106)/4*(-19)/38 a composite number?
True
Let p(s) = -2*s - 10. Let g be p(-8). Suppose 2*k - g = 4*n, 3*k - 2*k - 3 = -5*n. Suppose 0*q - k*o = 5*q - 12527, -2*q = -2*o - 4998. Is q a prime number?
True
Let d = 92003 + 2874. Is d prime?
False
Is (-190695)/(-9)*(-18)/(-10) prime?
False
Suppose -5*i = -5*t + 71865, -t = -4*i + 6*i - 14379. Let o = t + -2856. Is o prime?
True
Suppose -5*w = 3*g - 1400974, 0 = -w - 1372*g + 1377*g + 280178. Is w prime?
False
Let i be (-1)/10 - (-7710430)/(-700). Is i/(-3)*108/36 a prime number?
False
Let b be (-9003)/(-21) + (15/(-21) - -1). Let j = b - 235. Is j a prime number?
False
Suppose 4*b - 4*f - 1454612 = 0, 17*b = 10*b - 2*f + 2545625. Is b a composite number?
False
Suppose -80*n + 41*n + 273 = 0. Let a be 3273/1 - (0 - -1). Suppose n = -5*k + a. Is k prime?
True
Suppose -57*i + 61*i = o + 278111, -3*i + 2*o + 208577 = 0. Is i prime?
False
Let g = 104 - 86. Suppose x + 2 = 5*r - g, -x + 4*r - 15 = 0. Is 14/35 - (-2253)/x prime?
False
Let t(s) be the third derivative of 0*s - 18*s**2 + 1/6*s**3 + 0 - 73/6*s**4. Is t(-3) a prime number?
True
Is 6/2 + 31 + 42955 a composite number?
False
Let m be (5 + 2 - 13530)*1*-29. Suppose -2*j = 27*j - m. Is j composite?
False
Let f = 1078694 - 611157. Is f a prime number?
False
Let c(a) = 213*a**3 + 5*a**2 - 5*a + 4. Let x be c(3). Is x + 0/2 + -6 a composite number?
False
Suppose -6*x - 1941 = -13101. Suppose x = -5*i + 21005. Is i prime?
False
Suppose a = -3*k - 26, -k - 2*a = -4